01032.
2, 103, 127, 409
List the prime factors of 3881062530.
2, 3, 5, 43122917
List the prime factors of 45183814.
2, 13, 223, 7793
What are the prime factors of 5605284?
2, 3, 23, 883
List the prime factors of 138562004.
2, 7, 107, 6607
List the prime factors of 43010146.
2, 1069, 20117
List the prime factors of 184426407.
3, 11, 19, 98047
List the prime factors of 654069365.
5, 139, 887, 1061
What are the prime factors of 80844167?
157, 409, 1259
List the prime factors of 508221326.
2, 254110663
What are the prime factors of 5771841038?
2, 179, 773, 20857
What are the prime factors of 6162314251?
19, 197, 1646357
List the prime factors of 82230945.
3, 5, 5482063
What are the prime factors of 31286803?
157, 349, 571
What are the prime factors of 52927906?
2, 26463953
List the prime factors of 462362803.
7, 66051829
What are the prime factors of 39140035?
5, 11, 17, 41, 1021
List the prime factors of 439336111.
439336111
What are the prime factors of 116363503?
191, 609233
What are the prime factors of 205584580?
2, 5, 23, 37, 47, 257
List the prime factors of 8123384.
2, 1015423
What are the prime factors of 512981579?
11, 17, 37, 151, 491
List the prime factors of 277238682.
2, 3, 7, 2200307
What are the prime factors of 576567807?
3, 881, 218149
List the prime factors of 759262485.
3, 5, 29, 1745431
List the prime factors of 2582841169.
857, 3013817
List the prime factors of 2268626039.
2687, 844297
List the prime factors of 4511369.
4511369
What are the prime factors of 202158731?
202158731
List the prime factors of 45735844.
2, 7, 11, 163, 911
What are the prime factors of 137266431?
3, 19, 1321, 1823
What are the prime factors of 24450889?
24450889
What are the prime factors of 33553056?
2, 3, 181, 1931
What are the prime factors of 74456376?
2, 3, 421, 7369
List the prime factors of 41582956.
2, 463, 22453
List the prime factors of 64058252.
2, 349, 45887
List the prime factors of 133624162.
2, 7, 173, 55171
List the prime factors of 15383446.
2, 13, 41, 14431
What are the prime factors of 78254465?
5, 3061, 5113
List the prime factors of 117150228.
2, 3, 13, 193, 1297
List the prime factors of 209547650.
2, 5, 13, 37, 8713
List the prime factors of 107966782.
2, 7, 11, 439, 1597
What are the prime factors of 4972976249?
71, 70041919
List the prime factors of 72579330.
2, 3, 5, 857, 941
List the prime factors of 1467141525.
3, 5, 19, 139, 823
List the prime factors of 534672761.
7, 10911689
List the prime factors of 342611282.
2, 13, 3359, 3923
List the prime factors of 91479450.
2, 3, 5, 31, 103, 191
List the prime factors of 2621347931.
1733, 1512607
List the prime factors of 34524117.
3, 1278671
What are the prime factors of 28592538?
2, 3, 13, 17, 21563
List the prime factors of 787979996.
2, 29, 234239
What are the prime factors of 69944145?
3, 5, 389, 11987
List the prime factors of 155728934.
2, 31, 251, 10007
List the prime factors of 131921000.
2, 5, 29, 4549
List the prime factors of 50285344.
2, 1571417
List the prime factors of 798294991.
13, 1907, 2477
What are the prime factors of 1663790033?
317, 5248549
List the prime factors of 5760704463.
3, 139, 13814639
List the prime factors of 39610859.
39610859
What are the prime factors of 1466253591?
3, 11, 44431927
List the prime factors of 353091252.
2, 3, 97, 163, 1861
List the prime factors of 1338260575.
5, 53530423
What are the prime factors of 584752303?
19, 30776437
What are the prime factors of 5487393124?
2, 251, 5465531
What are the prime factors of 5709951?
3, 13, 37, 1319
List the prime factors of 2960629365.
3, 5, 197375291
List the prime factors of 97996145.
5, 13, 937, 1609
What are the prime factors of 233278027?
1193, 195539
List the prime factors of 502147287.
3, 71, 197, 3989
What are the prime factors of 469301969?
37, 67, 189311
What are the prime factors of 173056490?
2, 5, 41, 422089
List the prime factors of 19578136.
2, 2447267
What are the prime factors of 471651140?
2, 5, 607, 38851
What are the prime factors of 29426393?
29426393
What are the prime factors of 14081835?
3, 5, 53, 17713
What are the prime factors of 77338039?
3251, 23789
What are the prime factors of 12884277?
3, 7, 127, 4831
List the prime factors of 74226357.
3, 8247373
What are the prime factors of 211383586?
2, 105691793
What are the prime factors of 238897715?
5, 7, 37, 184477
List the prime factors of 16941980.
2, 5, 11, 53, 1453
What are the prime factors of 2003621093?
2003621093
List the prime factors of 5023455758.
2, 71, 35376449
List the prime factors of 14071837.
13, 19, 23, 2477
List the prime factors of 1188675834.
2, 3, 19, 23, 453347
What are the prime factors of 2352928124?
2, 37, 15898163
List the prime factors of 18101356.
2, 7, 13, 223
What are the prime factors of 865170855?
3, 5, 71, 90263
What are the prime factors of 50682334?
2, 31, 817457
What are the prime factors of 100328742?
2, 3, 1567, 3557
What are the prime factors of 9540725?
5, 381629
What are the prime factors of 983620989?
3, 13, 311371
What are the prime factors of 85120611?
3, 28373537
What are the prime factors of 658309828?
2, 11, 14961587
List the prime factors of 6607281193.
31, 1249, 170647
What are the prime factors of 2422223813?
2422223813
List the prime factors of 436199852.
2, 11, 499, 19867
List the prime factors of 2967935764.
2, 53, 59, 237283
What are the prime factors of 42328295?
5, 19, 199, 2239
What are the prime factors of 54882230?
2, 5, 13, 197, 2143
What are the prime factors of 412758658?
2, 13, 15875333
List the prime factors of 2082287811.
3, 101, 6872237
What are the prime factors of 116078316?
2, 3, 503, 19231
What are the prime factors of 158449000?
2, 5, 158449
List the prime factors of 58154310.
2, 3, 5, 646159
What are the prime factors of 220762293?
3, 73, 107, 9421
What are the prime factors of 38482474?
2, 19241237
What are the prime factors of 1696703711?
1696703711
What are the prime factors of 402865223?
402865223
What are the prime factors of 421635637?
47, 8970971
List the prime factors of 56028207.
3, 19, 23, 42737
What are the prime factors of 5349363694?
2, 223, 11994089
What are the prime factors of 75528416?
2, 17, 8167
List the prime factors of 1012905655.
5, 5527, 36653
What are the prime factors of 44649360?
2, 3, 5, 7, 2953
What are the prime factors of 1689242822?
2, 844621411
What are the prime factors of 36122514?
2, 3, 59, 67, 1523
List the prime factors of 173625336.
2, 3, 181, 4441
List the prime factors of 207155054.
2, 103577527
What are the prime factors of 5870900186?
2, 29, 37, 293, 9337
List the prime factors of 127504612.
2, 31, 1028263
List the prime factors of 4505932349.
41, 5557, 19777
What are the prime factors of 1236656766?
2, 3, 206109461
What are the prime factors of 552317437?
7, 17, 41, 6659
What are the prime factors of 399316821?
3, 133105607
List the prime factors of 410500781.
61, 6729521
List the prime factors of 133424785.
5, 13, 2052689
List the prime factors of 541904557.
59, 9184823
What are the prime factors of 57211990?
2, 5, 11, 37, 14057
What are the prime factors of 39197632?
2, 607, 1009
List the prime factors of 7278990.
2, 3, 5, 242633
What are the prime factors of 2049627256?
2, 7919, 32353
List the prime factors of 370617878.
2, 1217, 152267
What are the prime factors of 2516067392?
2, 1367, 28759
What are the prime factors of 29042416?
2, 13, 139627
What are the prime factors of 133754765?
5, 26750953
List the prime factors of 816048201.
3, 272016067
List the prime factors of 85963821.
3, 199, 311, 463
List the prime factors of 1728093716.
2, 59, 79, 1571
List the prime factors of 9792244.
2, 7, 11, 31793
What are the prime factors of 128123995?
5, 491, 52189
List the prime factors of 5126354777.
17, 301550281
List the prime factors of 300010678.
2, 11, 2377, 5737
What are the prime factors of 13116810?
2, 3, 5, 7, 8923
List the prime factors of 141850738.
2, 821, 86389
List the prime factors of 950361845.
5, 190072369
List the prime factors of 522422009.
163, 739, 4337
List the prime factors of 1968123112.
2, 157, 1009, 1553
List the prime factors of 43538523.
3, 7, 2073263
List the prime factors of 104158529.
104158529
What are the prime factors of 79022067?
3, 127, 433, 479
What are the prime fact